{"id":1651,"date":"2016-09-30T06:58:12","date_gmt":"2016-09-30T06:58:12","guid":{"rendered":"http:\/\/home.lasthuis.com\/?page_id=1651"},"modified":"2016-10-09T11:31:21","modified_gmt":"2016-10-09T11:31:21","slug":"maleisie","status":"publish","type":"page","link":"https:\/\/home.lasthuis.com\/?page_id=1651","title":{"rendered":"Maleisi\u00eb"},"content":{"rendered":"<p><strong>Maleisi\u00eb<\/strong><\/p>\n<ul>\n<li><a href=\"http:\/\/home.lasthuis.com\/?page_id=1653\">Maleisi\u00eb (Dag 48) &#8211; Maleisi\u00eb here we come!<\/a><\/li>\n<li><a href=\"http:\/\/home.lasthuis.com\/?page_id=1674\">Maleisi\u00eb (Dag 49) &#8211; Nieuwe stad nieuwe toren(s)<\/a><\/li>\n<li><a href=\"http:\/\/home.lasthuis.com\/?page_id=1758\">Maleisi\u00eb (Dag 50, 51 &amp; 52) &#8211; Op en neer naar Melakka<\/a><\/li>\n<li><a href=\"http:\/\/home.lasthuis.com\/?page_id=1823\">Maleisi\u00eb (Dag 53) &#8211; Formule 1 Grand Prix<\/a><\/li>\n<li><a href=\"http:\/\/home.lasthuis.com\/?page_id=1885\">Maleisi\u00eb (Dag 54 en 55) &#8211; Cameron Highlands<\/a><\/li>\n<li><a href=\"http:\/\/home.lasthuis.com\/?page_id=1984\">Maleisi\u00eb (Dag 56) &#8211; Laatste dag in Maleisi\u00eb<\/a><\/li>\n<\/ul>\n","protected":false},"excerpt":{"rendered":"<p>Maleisi\u00eb Maleisi\u00eb (Dag 48) &#8211; Maleisi\u00eb here we come! Maleisi\u00eb (Dag 49) &#8211; Nieuwe stad nieuwe toren(s) Maleisi\u00eb (Dag 50, 51 &amp; 52) &#8211; Op en neer naar Melakka Maleisi\u00eb (Dag 53) &#8211; Formule 1 Grand Prix Maleisi\u00eb (Dag 54 en 55) &#8211; Cameron Highlands Maleisi\u00eb (Dag 56) &#8211; Laatste dag in Maleisi\u00eb<\/p>\n","protected":false},"author":2,"featured_media":1659,"parent":27,"menu_order":7,"comment_status":"closed","ping_status":"closed","template":"","meta":{"footnotes":""},"class_list":["post-1651","page","type-page","status-publish","has-post-thumbnail","hentry"],"_links":{"self":[{"href":"https:\/\/home.lasthuis.com\/index.php?rest_route=\/wp\/v2\/pages\/1651","targetHints":{"allow":["GET"]}}],"collection":[{"href":"https:\/\/home.lasthuis.com\/index.php?rest_route=\/wp\/v2\/pages"}],"about":[{"href":"https:\/\/home.lasthuis.com\/index.php?rest_route=\/wp\/v2\/types\/page"}],"author":[{"embeddable":true,"href":"https:\/\/home.lasthuis.com\/index.php?rest_route=\/wp\/v2\/users\/2"}],"replies":[{"embeddable":true,"href":"https:\/\/home.lasthuis.com\/index.php?rest_route=%2Fwp%2Fv2%2Fcomments&post=1651"}],"version-history":[{"count":7,"href":"https:\/\/home.lasthuis.com\/index.php?rest_route=\/wp\/v2\/pages\/1651\/revisions"}],"predecessor-version":[{"id":1989,"href":"https:\/\/home.lasthuis.com\/index.php?rest_route=\/wp\/v2\/pages\/1651\/revisions\/1989"}],"up":[{"embeddable":true,"href":"https:\/\/home.lasthuis.com\/index.php?rest_route=\/wp\/v2\/pages\/27"}],"wp:featuredmedia":[{"embeddable":true,"href":"https:\/\/home.lasthuis.com\/index.php?rest_route=\/wp\/v2\/media\/1659"}],"wp:attachment":[{"href":"https:\/\/home.lasthuis.com\/index.php?rest_route=%2Fwp%2Fv2%2Fmedia&parent=1651"}],"curies":[{"name":"wp","href":"https:\/\/api.w.org\/{rel}","templated":true}]}}